{"id":1329,"date":"2023-02-05T11:36:11","date_gmt":"2023-02-05T11:36:11","guid":{"rendered":"https:\/\/mwm.us.edu.pl\/?page_id=1329"},"modified":"2023-05-18T13:15:18","modified_gmt":"2023-05-18T13:15:18","slug":"osoby-wspolpracujace","status":"publish","type":"page","link":"https:\/\/mwm.us.edu.pl\/index.php\/osoby-wspolpracujace\/","title":{"rendered":"Osoby wsp\u00f3\u0142pracuj\u0105ce"},"content":{"rendered":"<div class=\"content-area\" style=\"box-sizing: border-box;\">\n<div style=\"padding:0px; border-radius: 6px; box-shadow: 0 1px 10px 1px #ccc;; overflow:hidden; margin:10px;\">\n<div class=\"upper-c\" style=\"height:150px; background-color:#00102e;\">\n<div class=\"image-c\" style=\"position: absolute; right: 50%; transform: translate(50%, 40px); padding:5px; background: white; border-radius: 50%; width: fit-content;\">\n      <img decoding=\"async\" src=\"https:\/\/mwm.us.edu.pl\/wp-content\/uploads\/2023\/02\/Dorota-Podgorska-Jachnik.jpg\" style=\"border-radius: 50%;  width:200px; height:200px;\" alt=\"Dorota Podg\u00f3rska-Jachnik\">\n<\/div>\n<\/div>\n<div class=\"lower-c\" style=\"height:auto; background-color: #FFF; padding: 20px; padding-top: 80px; text-align:center;\">\n<h4 class=\"card-title\" style=\"box-sizing: border-box;\">dr hab. Dorota Podg\u00f3rska-Jachnik, prof. U\u0141<\/h4>\n<h6 class=\"card-title\" style=\"top-margin:0px;\">Uniwersytet \u0141\u00f3dzki, pedagog specjalna, psycholog, logopeda<\/h6>\n<hr style=\"border-top: 1px solid grey; \">\n<p class=\"card-text\" style=\"font-size:12px; text-align:left;\">Specjalizuje si\u0119 w problematyce emancypacji, rzecznictwa i reprezentacji os\u00f3b z niepe\u0142nosprawno\u015bciami, ich inkluzji spo\u0142ecznej i edukacyjnej. Ma wieloletnie do\u015bwiadczenie w lokalnych i regionalnych dzia\u0142aniach na rzecz polityki spo\u0142ecznej, uwzgl\u0119dniaj\u0105cej prawa i potrzeby os\u00f3b z niepe\u0142nosprawno\u015bciami, w tworzeniu strategii polityki spo\u0142ecznej, program\u00f3w wyr\u00f3wnywania szans, rozwi\u0105za\u0144 modelowych wsp\u00f3\u0142pracy mi\u0119dzyresortowej i mi\u0119dzysektorowej &#8211; m.in. jako ekspertka w projekcje makroregionalnym Kooperacje 3D. Wsp\u00f3\u0142praca ekspercka z RCPS w \u0141odzi, MEiN i ORE, Komisj\u0105 Ekspert\u00f3w ds. Os\u00f3b G\u0142uchych przy Rzeczniku Praw Obywatelskich i in. (Wsp\u00f3\u0142)autorka ponad 150 publikacji, w tym 25 ksi\u0105\u017cek, m.in.: G\u0142usi. Emancypacje (2013), Niepe\u0142nosprawno\u015b\u0107. Wyzwania. Praca socjalna (2020), Edukacja w\u0142\u0105czaj\u0105ca w perspektywie i zadaniach samorz\u0105du terytorialnego (2022) oraz raport\u00f3w: Osoby g\u0142uche w Polsce (2020) i Edukacja w\u0142\u0105czaj\u0105ca w Polsce \u2013 bilans otwarcia 2020.<\/p>\n<p style=\"font-size:12px;\">Kontakt: <a href=\"mailto:depejot@wp.pl\" style=\"font-size:12px;\">depejot@wp.pl<\/a><\/p>\n<\/p><\/div>\n<\/p><\/div>\n<\/div>\n\n\n<div class=\"content-area\" style=\"box-sizing: border-box;\">\n<div style=\"padding:0px; border-radius: 6px; box-shadow: 0 1px 10px 1px #ccc;; overflow:hidden; margin:10px;\">\n<div class=\"upper-c\" style=\"height:150px; background-color:#00102e;\">\n<div class=\"image-c\" style=\"position: absolute; right: 50%; transform: translate(50%, 40px); padding:5px; background: white; border-radius: 50%; width: fit-content;\">\n      <img decoding=\"async\" src=\"https:\/\/mwm.us.edu.pl\/wp-content\/uploads\/2023\/02\/Ewa-Kaminska.jpg\" style=\"border-radius: 50%;  width:200px; height:200px;\" alt=\"Ewa Kami\u0144ska\">\n<\/div>\n<\/div>\n<div class=\"lower-c\" style=\"height:auto; background-color: #FFF; padding: 20px; padding-top: 80px; text-align:center;\">\n<h4 class=\"card-title\" style=\"box-sizing: border-box;\">Ewa Kami\u0144ska<\/h4>\n<h6 class=\"card-title\" style=\"top-margin:0px;\">Psycholog spec. II st. Psychologii klinicznej dziecka<\/h6>\n<hr style=\"border-top: 1px solid grey; \">\n<p class=\"card-text\" style=\"font-size:12px; text-align:left;\">Wsp\u00f3\u0142za\u0142o\u017cycielka O\u015brodka Wczesnej Interwencji i Wspomagania Rozwoju przy PSONI Gda\u0144sk. Aktywny uczestnik budowania systemu wsparcia rodziny w Gda\u0144sku. By\u0142y Zast\u0119pca Prezydenta Miasta Gda\u0144ska ds. rozwoju spo\u0142ecznego, doradca Prezydenta Miasta Gda\u0144ska, Pe\u0142nomocnik Prezydenta Gda\u0144ska ds. Os\u00f3b z Niepe\u0142nosprawno\u015bci\u0105.<br \/>\nWsp\u00f3\u0142realizator projekt\u00f3w, program\u00f3w i modeli w obszarze edukacji w\u0142\u0105czaj\u0105cej oraz aktywizacji spo\u0142ecznej i zawodowej os\u00f3b ze szczeg\u00f3lnymi potrzebami.\n<\/p>\n<p style=\"font-size:12px;\">Kontakt: <a href=\"mailto:kaminska.m.ewa@gmail.com\" style=\"font-size:12px;\">kaminska.m.ewa@gmail.com<\/a><\/p>\n<\/p><\/div>\n<\/p><\/div>\n<\/div>\n\n\n<div class=\"content-area\" style=\"box-sizing: border-box;\">\n<div style=\"padding:0px; border-radius: 6px; box-shadow: 0 1px 10px 1px #ccc;; overflow:hidden; margin:10px;\">\n<div class=\"upper-c\" style=\"height:150px; background-color:#00102e;\">\n<div class=\"image-c\" style=\"position: absolute; right: 50%; transform: translate(50%, 40px); padding:5px; background: white; border-radius: 50%; width: fit-content;\">\n      <img decoding=\"async\" src=\"https:\/\/mwm.us.edu.pl\/wp-content\/uploads\/2022\/05\/avatar-g12b4d5782_640.png\" style=\"border-radius: 50%;  width:200px; height:200px;\" alt=\"Ma\u0142gorzata \u0141yciuk-Bzdyra\">\n<\/div>\n<\/div>\n<div class=\"lower-c\" style=\"height:auto; background-color: #FFF; padding: 20px; padding-top: 80px; text-align:center;\">\n<h4 class=\"card-title\" style=\"box-sizing: border-box;\">Ma\u0142gorzata \u0141yciuk-Bzdyra<\/h4>\n<hr style=\"border-top: 1px solid grey; \">\n<p class=\"card-text\" style=\"font-size:12px; text-align:left;\">Ekspert w zakresie rozwoju sieci wsp\u00f3\u0142pracy w obszarze dzieci i m\u0142odzie\u017cy ze specjalnymi potrzebami edukacyjnymi, w tym rozwoju organizacji funkcjonuj\u0105cych w sieci. Posiada wieloletnie do\u015bwiadczenie w budowaniu partnerstw na rzecz realizacji projekt\u00f3w mi\u0119dzysektorowych dotycz\u0105cych edukacji, ochrony zdrowia. Specjalista zarz\u0105dzania strategicznego w organizacjach publicznych, optymalizacji proces\u00f3w, zarz\u0105dzania ryzykiem oraz zmian\u0105.  Kierownik projekt\u00f3w innowacyjnych w zakresie deinstytucjonalizacji w obszarze zdrowia psychicznego dla dzieci, m\u0142odzie\u017cy, doros\u0142ych oraz ich rodzin.<\/p>\n<p style=\"font-size:12px;\">Kontakt: <a href=\"mailto:malgorzatalyciuk@gmail.com\" style=\"font-size:12px;\">malgorzatalyciuk@gmail.com<\/a><\/p>\n<\/p><\/div>\n<\/p><\/div>\n<\/div>\n\n\n<div class=\"content-area\" style=\"box-sizing: border-box;\">\n<div style=\"padding:0px; border-radius: 6px; box-shadow: 0 1px 10px 1px #ccc;; overflow:hidden; margin:10px;\">\n<div class=\"upper-c\" style=\"height:150px; background-color:#00102e;\">\n<div class=\"image-c\" style=\"position: absolute; right: 50%; transform: translate(50%, 40px); padding:5px; background: white; border-radius: 50%; width: fit-content;\">\n      <img decoding=\"async\" src=\"https:\/\/mwm.us.edu.pl\/wp-content\/uploads\/2022\/05\/avatar-g12b4d5782_640.png\" style=\"border-radius: 50%;  width:200px; height:200px;\" alt=\"Karol Pawlak\">\n<\/div>\n<\/div>\n<div class=\"lower-c\" style=\"height:auto; background-color: #FFF; padding: 20px; padding-top: 80px; text-align:center;\">\n<h4 class=\"card-title\" style=\"box-sizing: border-box;\">dr Karol Pawlak<\/h4>\n<hr style=\"border-top: 1px solid grey; \">\n<p class=\"card-text\" style=\"font-size:12px; text-align:left;\">Ekspert w zakresie praktycznego wdra\u017cania ICF w diagnozie funkcjonalnej dzieci i m\u0142odzie\u017cy, Cz\u0142onek Polskiej Rady ds. ICF, Polskiego Towarzystwa Zdrowia Publicznego, International Society of Physical and Rehabilitation Medicine (ISPRM), Polskiego Towarzystwa Rehabilitacji. Stopie\u0144 doktora nauk o zdrowiu Wydzia\u0142 Nauk o Zdrowiu, Wroc\u0142awski Uniwersytet Medyczny. Kilkaset godzin do\u015bwiadczenia w zakresie superwizji diagnozy funkcjonalnej dzieci i m\u0142odzie\u017cy z wykorzystaniem ICF, wsp\u00f3\u0142autor polskich i zagranicznych artyku\u0142\u00f3w naukowych w zakresie praktycznego wykorzystania  ICF. <\/p>\n<p style=\"font-size:12px;\">Kontakt: <a href=\"mailto:k.pawlak@euromail.pl\" style=\"font-size:12px;\">k.pawlak@euromail.pl<\/a><\/p>\n<\/p><\/div>\n<\/p><\/div>\n<\/div>\n\n\n<div class=\"content-area\" style=\"box-sizing: border-box;\">\n<div style=\"padding:0px; border-radius: 6px; box-shadow: 0 1px 10px 1px #ccc;; overflow:hidden; margin:10px;\">\n<div class=\"upper-c\" style=\"height:150px; background-color:#00102e;\">\n<div class=\"image-c\" style=\"position: absolute; right: 50%; transform: translate(50%, 40px); padding:5px; background: white; border-radius: 50%; width: fit-content;\">\n      <img decoding=\"async\" src=\"https:\/\/mwm.us.edu.pl\/wp-content\/uploads\/2023\/03\/Tomasz-Rowinski.jpg\" style=\"border-radius: 50%;  width:200px; height:200px;\" alt=\"Tomasz Rowi\u0144ski\">\n<\/div>\n<\/div>\n<div class=\"lower-c\" style=\"height:auto; background-color: #FFF; padding: 20px; padding-top: 80px; text-align:center;\">\n<h4 class=\"card-title\" style=\"box-sizing: border-box;\">Tomasz Rowi\u0144ski<\/h4>\n<h6 class=\"card-title\" style=\"top-margin:0px;\">psycholog<\/h6>\n<hr style=\"border-top: 1px solid grey; \">\n<p class=\"card-text\" style=\"font-size:12px; text-align:left;\">Prezes Zarz\u0105du EZRA UKSW, ma kilkuletnie do\u015bwiadczenie we wdra\u017caniu us\u0142ug w obszarze zdrowia psychicznego dla dzieci, m\u0142odzie\u017cy, doros\u0142ych oraz ich rodzin. Bra\u0142 udzia\u0142 i nadal jest cz\u0142onkiem w zespo\u0142ach eksperckich przy Ministrze Zdrowia, O\u015bwiaty i Pomocy spo\u0142ecznej. Jest wsp\u00f3\u0142autorem modelu EZRA. Jest on wdra\u017cany w kilkunastu poradniach zdrowia psychicznego dla dzieci w ca\u0142ej Polsce, prowadzonych przez za\u0142o\u017con\u0105 przez niego firm\u0119 uniwersyteck\u0105 EZRA UKSW Sp. z o.o. Jest autorem ponad kilkudziesi\u0119ciu prac naukowych, wykszta\u0142ci\u0142 wielu specjalist\u00f3w z obszaru zdrowia psychicznego oraz prowadzi\u0142 zaj\u0119cia z psychologii mass medi\u00f3w w wielu uczelniach, uczestnik MBA SGH-WUM w ochronie zdrowia.<\/p>\n<p style=\"font-size:12px;\">Kontakt: <a href=\"mailto:tomasz.rowinski@gmail.com\" style=\"font-size:12px;\">tomasz.rowinski@gmail.com<\/a><\/p>\n<\/p><\/div>\n<\/p><\/div>\n<\/div>\n\n\n<div class=\"content-area\" style=\"box-sizing: border-box;\">\n<div style=\"padding:0px; border-radius: 6px; box-shadow: 0 1px 10px 1px #ccc;; overflow:hidden; margin:10px;\">\n<div class=\"upper-c\" style=\"height:150px; background-color:#00102e;\">\n<div class=\"image-c\" style=\"position: absolute; right: 50%; transform: translate(50%, 40px); padding:5px; background: white; border-radius: 50%; width: fit-content;\">\n      <img decoding=\"async\" src=\"https:\/\/mwm.us.edu.pl\/wp-content\/uploads\/2023\/02\/Bohdan-Skrzypczak.jpg\" style=\"border-radius: 50%;  width:200px; height:200px;\" alt=\"Bohdan Skrzypczak\">\n<\/div>\n<\/div>\n<div class=\"lower-c\" style=\"height:auto; background-color: #FFF; padding: 20px; padding-top: 80px; text-align:center;\">\n<h4 class=\"card-title\" style=\"box-sizing: border-box;\">Dr hab. Bohdan Skrzypczak<\/h4>\n<h6 class=\"card-title\" style=\"top-margin:0px;\">Uniwersytet Warszawski, pedagog spo\u0142eczny<\/h6>\n<hr style=\"border-top: 1px solid grey; \">\n<p class=\"card-text\" style=\"font-size:12px; text-align:left;\">Przewodnicz\u0105cy Rady Naukowej Instytutu Profilaktyki Spo\u0142ecznej i Resocjalizacji UW, wsp\u00f3\u0142tw\u00f3rca Uniwersyteckiego Obserwatorium Deinstytucjonalizacji Praktyk Pomocowych, autor ok. 150 publikacji naukowych i metodycznych z zakresu wsp\u00f3\u0142pracy \u015brodowiskowej, specjalizuje si\u0119 w dzia\u0142aniach opartych na metodologii action research (badaniu w dzia\u0142aniu) prowadzonych na styku sektora pozarz\u0105dowego i samorz\u0105dowego oraz  w przestrzeni mi\u0119dzyresortowej i mi\u0119dzyinstytucjonalnej; cz\u0142onek \u015bwiatowej organizacji skupiaj\u0105cej innowator\u00f3w i przedsi\u0119biorc\u00f3w spo\u0142ecznych Ashoka (cz\u0142onek zarz\u0105du Ashoka Polska); prof. Uczelni Korczaka, w kt\u00f3rej kieruje katedr\u0105 pedagogiki specjalnej i edukacji \u015brodowiskowej, wsp\u00f3\u0142autor wielu modelowych rozwi\u0105za\u0144 z zakresu szeroko rozumianej polityki spo\u0142ecznej (m. in.model organizowania spo\u0142eczno\u015bci lokalnej, model kr\u0119g\u00f3w wsparcia dla os\u00f3b z niepe\u0142nosprawno\u015bci\u0105 intelektualn\u0105, model superwizji pracy socjalnej), prezes Centrum Wspierania Aktywno\u015bci Lokalnej CAL og\u00f3lnopolskiej organizacji pozarz\u0105dowej rozwijaj\u0105cej innowacyjne programy i narz\u0119dzia w zakresie  rozwoju lokalnego przewodnicz\u0105cy Krajowego Komitetu Rozwoju Ekonomii Spo\u0142ecznej przy Ministerstwie Rodziny i Polityki Spo\u0142ecznej.<\/p>\n<p style=\"font-size:12px;\">Kontakt: <a href=\"mailto:bohdans@cal.org.pl\" style=\"font-size:12px;\">bohdans@cal.org.pl<\/a><\/p>\n<\/p><\/div>\n<\/p><\/div>\n<\/div>\n","protected":false},"excerpt":{"rendered":"","protected":false},"author":1,"featured_media":0,"parent":0,"menu_order":0,"comment_status":"closed","ping_status":"closed","template":"","meta":{"footnotes":""},"class_list":["post-1329","page","type-page","status-publish","hentry"],"_links":{"self":[{"href":"https:\/\/mwm.us.edu.pl\/index.php\/wp-json\/wp\/v2\/pages\/1329","targetHints":{"allow":["GET"]}}],"collection":[{"href":"https:\/\/mwm.us.edu.pl\/index.php\/wp-json\/wp\/v2\/pages"}],"about":[{"href":"https:\/\/mwm.us.edu.pl\/index.php\/wp-json\/wp\/v2\/types\/page"}],"author":[{"embeddable":true,"href":"https:\/\/mwm.us.edu.pl\/index.php\/wp-json\/wp\/v2\/users\/1"}],"replies":[{"embeddable":true,"href":"https:\/\/mwm.us.edu.pl\/index.php\/wp-json\/wp\/v2\/comments?post=1329"}],"version-history":[{"count":24,"href":"https:\/\/mwm.us.edu.pl\/index.php\/wp-json\/wp\/v2\/pages\/1329\/revisions"}],"predecessor-version":[{"id":1570,"href":"https:\/\/mwm.us.edu.pl\/index.php\/wp-json\/wp\/v2\/pages\/1329\/revisions\/1570"}],"wp:attachment":[{"href":"https:\/\/mwm.us.edu.pl\/index.php\/wp-json\/wp\/v2\/media?parent=1329"}],"curies":[{"name":"wp","href":"https:\/\/api.w.org\/{rel}","templated":true}]}}