{"id":1147,"date":"2023-01-13T10:29:48","date_gmt":"2023-01-13T10:29:48","guid":{"rendered":"https:\/\/mwm.us.edu.pl\/?page_id=1147"},"modified":"2024-11-19T18:39:02","modified_gmt":"2024-11-19T18:39:02","slug":"dla-wszystkich","status":"publish","type":"page","link":"https:\/\/mwm.us.edu.pl\/index.php\/dla-wszystkich\/","title":{"rendered":"Publikacje"},"content":{"rendered":"\n<div data-wp-interactive=\"core\/file\" class=\"wp-block-file\"><object data-wp-bind--hidden=\"!state.hasPdfPreview\" hidden class=\"wp-block-file__embed\" data=\"https:\/\/mwm.us.edu.pl\/wp-content\/uploads\/2024\/11\/Ocena-funkcjonalna-monografia.pdf\" type=\"application\/pdf\" style=\"width:100%;height:600px\" aria-label=\"Osadzone z Ocena funkcjonalna - monografia.\"><\/object><a id=\"wp-block-file--media-3ef050a6-1725-42fe-a8b5-176180022a58\" href=\"https:\/\/mwm.us.edu.pl\/wp-content\/uploads\/2024\/11\/Ocena-funkcjonalna-monografia.pdf\">Ocena funkcjonalna &#8211; monografia<\/a><a href=\"https:\/\/mwm.us.edu.pl\/wp-content\/uploads\/2024\/11\/Ocena-funkcjonalna-monografia.pdf\" class=\"wp-block-file__button wp-element-button\" download aria-describedby=\"wp-block-file--media-3ef050a6-1725-42fe-a8b5-176180022a58\">Pobierz<\/a><\/div>\n\n\n\n<div data-wp-interactive=\"core\/file\" class=\"wp-block-file\"><object data-wp-bind--hidden=\"!state.hasPdfPreview\" hidden class=\"wp-block-file__embed\" data=\"https:\/\/mwm.us.edu.pl\/wp-content\/uploads\/2024\/10\/E-BOOK-Ocena-funkcjonalna.pdf\" type=\"application\/pdf\" style=\"width:100%;height:600px\" aria-label=\"Osadzone z Ocena funkcjonalna w edukacji w\u0142\u0105czaj\u0105cej.\"><\/object><a id=\"wp-block-file--media-d05c6210-25b8-46fb-a473-e45a6b3c2606\" href=\"https:\/\/mwm.us.edu.pl\/wp-content\/uploads\/2024\/10\/E-BOOK-Ocena-funkcjonalna.pdf\">Ocena funkcjonalna w edukacji w\u0142\u0105czaj\u0105cej<\/a><a href=\"https:\/\/mwm.us.edu.pl\/wp-content\/uploads\/2024\/10\/E-BOOK-Ocena-funkcjonalna.pdf\" class=\"wp-block-file__button wp-element-button\" download aria-describedby=\"wp-block-file--media-d05c6210-25b8-46fb-a473-e45a6b3c2606\">Pobierz<\/a><\/div>\n\n\n\n<div data-wp-interactive=\"core\/file\" class=\"wp-block-file\"><object data-wp-bind--hidden=\"!state.hasPdfPreview\" hidden class=\"wp-block-file__embed\" data=\"https:\/\/mwm.us.edu.pl\/wp-content\/uploads\/2024\/05\/Poradnik-Wczesne-Wspomaganie-Rozwoju-Dzieci-i-Wsparcia-Rodziny.pdf\" type=\"application\/pdf\" style=\"width:100%;height:600px\" aria-label=\"Osadzone z Poradnik - Wczesne Wspomaganie Rozwoju Dzieci i Wsparcia Rodziny.\"><\/object><a id=\"wp-block-file--media-2e9641d7-ccad-4505-8def-7158ad0bddba\" href=\"https:\/\/mwm.us.edu.pl\/wp-content\/uploads\/2024\/05\/Poradnik-Wczesne-Wspomaganie-Rozwoju-Dzieci-i-Wsparcia-Rodziny.pdf\">Poradnik &#8211; Wczesne Wspomaganie Rozwoju Dzieci i Wsparcia Rodziny<\/a><a href=\"https:\/\/mwm.us.edu.pl\/wp-content\/uploads\/2024\/05\/Poradnik-Wczesne-Wspomaganie-Rozwoju-Dzieci-i-Wsparcia-Rodziny.pdf\" class=\"wp-block-file__button wp-element-button\" download aria-describedby=\"wp-block-file--media-2e9641d7-ccad-4505-8def-7158ad0bddba\">Pobierz<\/a><\/div>\n\n\n\n<div data-wp-interactive=\"core\/file\" class=\"wp-block-file\"><object data-wp-bind--hidden=\"!state.hasPdfPreview\" hidden class=\"wp-block-file__embed\" data=\"https:\/\/mwm.us.edu.pl\/wp-content\/uploads\/2023\/10\/Diagnoza-funkcjonalna-EDZ-Knopik-Oszwa.pdf\" type=\"application\/pdf\" style=\"width:100%;height:600px\" aria-label=\"Osadzone z Diagnoza funkcjonalna rozwoju spo\u0142eczno-emocjonalnego uczni\u00f3w w wieku 9-13 lat.\"><\/object><a id=\"wp-block-file--media-3882ae78-77e6-4473-8e1f-9609ba867277\" href=\"https:\/\/mwm.us.edu.pl\/wp-content\/uploads\/2023\/10\/Diagnoza-funkcjonalna-EDZ-Knopik-Oszwa.pdf\">Diagnoza funkcjonalna rozwoju spo\u0142eczno-emocjonalnego uczni\u00f3w w wieku 9-13 lat<\/a><\/div>\n\n\n\n<div data-wp-interactive=\"core\/file\" class=\"wp-block-file\"><object data-wp-bind--hidden=\"!state.hasPdfPreview\" hidden class=\"wp-block-file__embed\" data=\"https:\/\/mwm.us.edu.pl\/wp-content\/uploads\/2023\/03\/E_2021_KnopikDomagaa-Zyk-PREIS.pdf\" type=\"application\/pdf\" style=\"width:100%;height:600px\" aria-label=\"Osadzone z Profil Rozwoju Emocjonalnego i Spo\u0142ecznego (PREiS) w szkolnej ocenie funkcjonalnej.\"><\/object><a id=\"wp-block-file--media-64ee0bbe-07ab-4b70-980f-43fed791e364\" href=\"https:\/\/mwm.us.edu.pl\/wp-content\/uploads\/2023\/03\/E_2021_KnopikDomagaa-Zyk-PREIS.pdf\">Profil Rozwoju Emocjonalnego i Spo\u0142ecznego (PREiS) w szkolnej ocenie funkcjonalnej<\/a><a href=\"https:\/\/mwm.us.edu.pl\/wp-content\/uploads\/2023\/03\/E_2021_KnopikDomagaa-Zyk-PREIS.pdf\" class=\"wp-block-file__button wp-element-button\" download aria-describedby=\"wp-block-file--media-64ee0bbe-07ab-4b70-980f-43fed791e364\">Pobierz<\/a><\/div>\n\n\n\n<div data-wp-interactive=\"core\/file\" class=\"wp-block-file\"><object data-wp-bind--hidden=\"!state.hasPdfPreview\" hidden class=\"wp-block-file__embed\" data=\"https:\/\/mwm.us.edu.pl\/wp-content\/uploads\/2023\/02\/interdyscyplinarne_konteksty_wczesnej_interwencji_internet.pdf\" type=\"application\/pdf\" style=\"width:100%;height:600px\" aria-label=\"Osadzone z Interdyscyplinarne konteksty wczesnej interwencji, wczesnego wspomagania rozwoju dziecka.\"><\/object><a id=\"wp-block-file--media-06a0feee-9e0f-45d0-af7c-1346ebcae332\" href=\"https:\/\/mwm.us.edu.pl\/wp-content\/uploads\/2023\/02\/interdyscyplinarne_konteksty_wczesnej_interwencji_internet.pdf\">Interdyscyplinarne konteksty wczesnej interwencji, wczesnego wspomagania rozwoju dziecka<\/a><a href=\"https:\/\/mwm.us.edu.pl\/wp-content\/uploads\/2023\/02\/interdyscyplinarne_konteksty_wczesnej_interwencji_internet.pdf\" class=\"wp-block-file__button wp-element-button\" download aria-describedby=\"wp-block-file--media-06a0feee-9e0f-45d0-af7c-1346ebcae332\">Pobierz<\/a><\/div>\n\n\n\n<div data-wp-interactive=\"core\/file\" class=\"wp-block-file\"><object data-wp-bind--hidden=\"!state.hasPdfPreview\" hidden class=\"wp-block-file__embed\" data=\"https:\/\/mwm.us.edu.pl\/wp-content\/uploads\/2023\/02\/Wlaczmy_kamerki_z_doswiadczen_edukacji_zdalnej.pdf\" type=\"application\/pdf\" style=\"width:100%;height:600px\" aria-label=\"Osadzone z W\u0142\u0105czmy kamerki. Z do\u015bwiadcze\u0144 edukacji zdalnej w szkole i na uczelni.\"><\/object><a id=\"wp-block-file--media-fb41e99a-6170-4c71-8bdd-7f897aa206f9\" href=\"https:\/\/mwm.us.edu.pl\/wp-content\/uploads\/2023\/02\/Wlaczmy_kamerki_z_doswiadczen_edukacji_zdalnej.pdf\">W\u0142\u0105czmy kamerki. Z do\u015bwiadcze\u0144 edukacji zdalnej w szkole i na uczelni<\/a><a href=\"https:\/\/mwm.us.edu.pl\/wp-content\/uploads\/2023\/02\/Wlaczmy_kamerki_z_doswiadczen_edukacji_zdalnej.pdf\" class=\"wp-block-file__button wp-element-button\" download aria-describedby=\"wp-block-file--media-fb41e99a-6170-4c71-8bdd-7f897aa206f9\">Pobierz<\/a><\/div>\n\n\n\n<div data-wp-interactive=\"core\/file\" class=\"wp-block-file\"><object data-wp-bind--hidden=\"!state.hasPdfPreview\" hidden class=\"wp-block-file__embed\" data=\"https:\/\/mwm.us.edu.pl\/wp-content\/uploads\/2023\/02\/Zdalne_uczenie_sie_repozytorium.pdf\" type=\"application\/pdf\" style=\"width:100%;height:600px\" aria-label=\"Osadzone z Zdalne uczenie si\u0119 i nauczanie, a specjalne potrzeby edukacyjne.\"><\/object><a id=\"wp-block-file--media-9fc11c4f-850f-4bbe-b104-3e1662c6e794\" href=\"https:\/\/mwm.us.edu.pl\/wp-content\/uploads\/2023\/02\/Zdalne_uczenie_sie_repozytorium.pdf\">Zdalne uczenie si\u0119 i nauczanie, a specjalne potrzeby edukacyjne<\/a><a href=\"https:\/\/mwm.us.edu.pl\/wp-content\/uploads\/2023\/02\/Zdalne_uczenie_sie_repozytorium.pdf\" class=\"wp-block-file__button wp-element-button\" download aria-describedby=\"wp-block-file--media-9fc11c4f-850f-4bbe-b104-3e1662c6e794\">Pobierz<\/a><\/div>\n\n\n\n<div data-wp-interactive=\"core\/file\" class=\"wp-block-file\"><object data-wp-bind--hidden=\"!state.hasPdfPreview\" hidden class=\"wp-block-file__embed\" data=\"https:\/\/mwm.us.edu.pl\/wp-content\/uploads\/2023\/02\/EDZ-TB-2016-Od-trudnosci-do-umiejetnosci.pdf\" type=\"application\/pdf\" style=\"width:100%;height:600px\" aria-label=\"Osadzone z Terapia pedagogiczna dzieci ze specjalnymi potrzebami rozwojowymi i edukacyjnymi.\"><\/object><a id=\"wp-block-file--media-c3026b08-95f6-44bf-bb62-d783503d9f34\" href=\"https:\/\/mwm.us.edu.pl\/wp-content\/uploads\/2023\/02\/EDZ-TB-2016-Od-trudnosci-do-umiejetnosci.pdf\">Terapia pedagogiczna dzieci ze specjalnymi potrzebami rozwojowymi i edukacyjnymi<\/a><a href=\"https:\/\/mwm.us.edu.pl\/wp-content\/uploads\/2023\/02\/EDZ-TB-2016-Od-trudnosci-do-umiejetnosci.pdf\" class=\"wp-block-file__button wp-element-button\" download aria-describedby=\"wp-block-file--media-c3026b08-95f6-44bf-bb62-d783503d9f34\">Pobierz<\/a><\/div>\n\n\n\n<div data-wp-interactive=\"core\/file\" class=\"wp-block-file\"><object data-wp-bind--hidden=\"!state.hasPdfPreview\" hidden class=\"wp-block-file__embed\" data=\"https:\/\/mwm.us.edu.pl\/wp-content\/uploads\/2023\/02\/EDZ18-Racjonalne-dostosowania-i-modyfikacje.pdf\" type=\"application\/pdf\" style=\"width:100%;height:600px\" aria-label=\"Osadzone z Racjonalne dostosowania i modyfikacje w edukacji uczni\u00f3w maj\u0105cych specjalne potrzeby edukacyjne.\"><\/object><a id=\"wp-block-file--media-b5711248-f861-42fa-ae53-ebd45915c630\" href=\"https:\/\/mwm.us.edu.pl\/wp-content\/uploads\/2023\/02\/EDZ18-Racjonalne-dostosowania-i-modyfikacje.pdf\">Racjonalne dostosowania i modyfikacje w edukacji uczni\u00f3w maj\u0105cych specjalne potrzeby edukacyjne<\/a><a href=\"https:\/\/mwm.us.edu.pl\/wp-content\/uploads\/2023\/02\/EDZ18-Racjonalne-dostosowania-i-modyfikacje.pdf\" class=\"wp-block-file__button wp-element-button\" download aria-describedby=\"wp-block-file--media-b5711248-f861-42fa-ae53-ebd45915c630\">Pobierz<\/a><\/div>\n\n\n\n<div data-wp-interactive=\"core\/file\" class=\"wp-block-file\"><object data-wp-bind--hidden=\"!state.hasPdfPreview\" hidden class=\"wp-block-file__embed\" data=\"https:\/\/mwm.us.edu.pl\/wp-content\/uploads\/2023\/01\/Wspolnauczanie_w_praktyce.pdf\" type=\"application\/pdf\" style=\"width:100%;height:600px\" aria-label=\"Osadzone z Wsp\u00f3\u0142nauczanie w praktyce.\"><\/object><a id=\"wp-block-file--media-d98be82b-b4ae-4cdf-b867-49ab5ee1c0ed\" href=\"https:\/\/mwm.us.edu.pl\/wp-content\/uploads\/2023\/01\/Wspolnauczanie_w_praktyce.pdf\">Wsp\u00f3\u0142nauczanie w praktyce<\/a><a href=\"https:\/\/mwm.us.edu.pl\/wp-content\/uploads\/2023\/01\/Wspolnauczanie_w_praktyce.pdf\" class=\"wp-block-file__button wp-element-button\" download aria-describedby=\"wp-block-file--media-d98be82b-b4ae-4cdf-b867-49ab5ee1c0ed\">Pobierz<\/a><\/div>\n\n\n\n<div data-wp-interactive=\"core\/file\" class=\"wp-block-file\"><object data-wp-bind--hidden=\"!state.hasPdfPreview\" hidden class=\"wp-block-file__embed\" data=\"https:\/\/mwm.us.edu.pl\/wp-content\/uploads\/2023\/01\/Personel-pomocniczy-w-szkolach-ogolnodostepnych-w-Europie-i-USA.pdf\" type=\"application\/pdf\" style=\"width:100%;height:600px\" aria-label=\"Osadzone z Personel pomocniczy w szko\u0142ach og\u00f3lnodost\u0119pnych w Europie i USA.\"><\/object><a id=\"wp-block-file--media-6a07bcb9-1d25-46ae-aef8-d59291200e2b\" href=\"https:\/\/mwm.us.edu.pl\/wp-content\/uploads\/2023\/01\/Personel-pomocniczy-w-szkolach-ogolnodostepnych-w-Europie-i-USA.pdf\">Personel pomocniczy w szko\u0142ach og\u00f3lnodost\u0119pnych w Europie i USA<\/a><a href=\"https:\/\/mwm.us.edu.pl\/wp-content\/uploads\/2023\/01\/Personel-pomocniczy-w-szkolach-ogolnodostepnych-w-Europie-i-USA.pdf\" class=\"wp-block-file__button wp-element-button\" download aria-describedby=\"wp-block-file--media-6a07bcb9-1d25-46ae-aef8-d59291200e2b\">Pobierz<\/a><\/div>\n\n\n\n<div data-wp-interactive=\"core\/file\" class=\"wp-block-file\"><object data-wp-bind--hidden=\"!state.hasPdfPreview\" hidden class=\"wp-block-file__embed\" data=\"https:\/\/mwm.us.edu.pl\/wp-content\/uploads\/2023\/01\/Uczniowie-z-niepelnosprawnosciami-w-szkolach-ogolnodostepnych-i-integracyjnych-w-polskich-badaniach-naukowych.pdf\" type=\"application\/pdf\" style=\"width:100%;height:600px\" aria-label=\"Osadzone z Uczniowie z niepe\u0142nosprawno\u015bciami w szko\u0142ach og\u00f3lnodost\u0119pnych i integracyjnych w polskich badaniach naukowych.\"><\/object><a id=\"wp-block-file--media-34538bed-73a9-4fe2-9416-6d35d38fc228\" href=\"https:\/\/mwm.us.edu.pl\/wp-content\/uploads\/2023\/01\/Uczniowie-z-niepelnosprawnosciami-w-szkolach-ogolnodostepnych-i-integracyjnych-w-polskich-badaniach-naukowych.pdf\">Uczniowie z niepe\u0142nosprawno\u015bciami w szko\u0142ach og\u00f3lnodost\u0119pnych i integracyjnych w polskich badaniach naukowych<\/a><a href=\"https:\/\/mwm.us.edu.pl\/wp-content\/uploads\/2023\/01\/Uczniowie-z-niepelnosprawnosciami-w-szkolach-ogolnodostepnych-i-integracyjnych-w-polskich-badaniach-naukowych.pdf\" class=\"wp-block-file__button wp-element-button\" download aria-describedby=\"wp-block-file--media-34538bed-73a9-4fe2-9416-6d35d38fc228\">Pobierz<\/a><\/div>\n\n\n\n<div data-wp-interactive=\"core\/file\" class=\"wp-block-file\"><object data-wp-bind--hidden=\"!state.hasPdfPreview\" hidden class=\"wp-block-file__embed\" data=\"https:\/\/mwm.us.edu.pl\/wp-content\/uploads\/2023\/01\/Ksztalcenie-nauczycieli-w-kontekscie-edukacji-uczniow-ze-specjalnymi-potrzebami-edukacyjnym.pdf\" type=\"application\/pdf\" style=\"width:100%;height:600px\" aria-label=\"Osadzone z Kszta\u0142cenie nauczycieli w kontek\u015bcie edukacji uczni\u00f3w ze specjalnymi potrzebami edukacyjnymi.\"><\/object><a id=\"wp-block-file--media-7f839364-8b8f-4bbe-b889-8e14b53989da\" href=\"https:\/\/mwm.us.edu.pl\/wp-content\/uploads\/2023\/01\/Ksztalcenie-nauczycieli-w-kontekscie-edukacji-uczniow-ze-specjalnymi-potrzebami-edukacyjnym.pdf\">Kszta\u0142cenie nauczycieli w kontek\u015bcie edukacji uczni\u00f3w ze specjalnymi potrzebami edukacyjnymi<\/a><a href=\"https:\/\/mwm.us.edu.pl\/wp-content\/uploads\/2023\/01\/Ksztalcenie-nauczycieli-w-kontekscie-edukacji-uczniow-ze-specjalnymi-potrzebami-edukacyjnym.pdf\" class=\"wp-block-file__button wp-element-button\" download aria-describedby=\"wp-block-file--media-7f839364-8b8f-4bbe-b889-8e14b53989da\">Pobierz<\/a><\/div>\n\n\n\n<div data-wp-interactive=\"core\/file\" class=\"wp-block-file\"><object data-wp-bind--hidden=\"!state.hasPdfPreview\" hidden class=\"wp-block-file__embed\" data=\"https:\/\/mwm.us.edu.pl\/wp-content\/uploads\/2023\/01\/Standardy-podrecznik-i-aneks-cz1.pdf\" type=\"application\/pdf\" style=\"width:100%;height:600px\" aria-label=\"Osadzone z Standardy - podr\u0119cznik i aneks - cz.1.\"><\/object><a id=\"wp-block-file--media-11ee6c76-be03-4c7d-956e-07f0530d394d\" href=\"https:\/\/mwm.us.edu.pl\/wp-content\/uploads\/2023\/01\/Standardy-podrecznik-i-aneks-cz1.pdf\">Standardy &#8211; podr\u0119cznik i aneks &#8211; cz.1<\/a><a href=\"https:\/\/mwm.us.edu.pl\/wp-content\/uploads\/2023\/01\/Standardy-podrecznik-i-aneks-cz1.pdf\" class=\"wp-block-file__button wp-element-button\" download aria-describedby=\"wp-block-file--media-11ee6c76-be03-4c7d-956e-07f0530d394d\">Pobierz<\/a><\/div>\n\n\n\n<div data-wp-interactive=\"core\/file\" class=\"wp-block-file\"><object data-wp-bind--hidden=\"!state.hasPdfPreview\" hidden class=\"wp-block-file__embed\" data=\"https:\/\/mwm.us.edu.pl\/wp-content\/uploads\/2023\/01\/Szkolna-Ocena-cz.-2.pdf\" type=\"application\/pdf\" style=\"width:100%;height:600px\" aria-label=\"Osadzone z Szkolna Ocena Funkcjonalna - cz.2.\"><\/object><a id=\"wp-block-file--media-e1857652-a779-4e50-95ef-8215eecf738e\" href=\"https:\/\/mwm.us.edu.pl\/wp-content\/uploads\/2023\/01\/Szkolna-Ocena-cz.-2.pdf\">Szkolna Ocena Funkcjonalna &#8211; cz.2<\/a><a href=\"https:\/\/mwm.us.edu.pl\/wp-content\/uploads\/2023\/01\/Szkolna-Ocena-cz.-2.pdf\" class=\"wp-block-file__button wp-element-button\" download aria-describedby=\"wp-block-file--media-e1857652-a779-4e50-95ef-8215eecf738e\">Pobierz<\/a><\/div>\n\n\n\n<div data-wp-interactive=\"core\/file\" class=\"wp-block-file\"><object data-wp-bind--hidden=\"!state.hasPdfPreview\" hidden class=\"wp-block-file__embed\" data=\"https:\/\/mwm.us.edu.pl\/wp-content\/uploads\/2023\/12\/Domagala-Zysk_Wielojezyczni.pdf\" type=\"application\/pdf\" style=\"width:100%;height:600px\" aria-label=\"Osadzone z Wieloj\u0119zyczni.\"><\/object><a id=\"wp-block-file--media-8ae764f8-389c-4119-82ac-510054d6149e\" href=\"https:\/\/mwm.us.edu.pl\/wp-content\/uploads\/2023\/12\/Domagala-Zysk_Wielojezyczni.pdf\">Wieloj\u0119zyczni<\/a><a href=\"https:\/\/mwm.us.edu.pl\/wp-content\/uploads\/2023\/12\/Domagala-Zysk_Wielojezyczni.pdf\" class=\"wp-block-file__button wp-element-button\" download aria-describedby=\"wp-block-file--media-8ae764f8-389c-4119-82ac-510054d6149e\">Pobierz<\/a><\/div>\n\n\n\n<div data-wp-interactive=\"core\/file\" class=\"wp-block-file\"><object data-wp-bind--hidden=\"!state.hasPdfPreview\" hidden class=\"wp-block-file__embed\" data=\"https:\/\/mwm.us.edu.pl\/wp-content\/uploads\/2023\/12\/Dostepna-Szkola.pdf\" type=\"application\/pdf\" style=\"width:100%;height:600px\" aria-label=\"Osadzone z Dost\u0119pna Szko\u0142a.\"><\/object><a id=\"wp-block-file--media-ad1dfb50-91dd-4d49-a5da-8090fe9b2155\" href=\"https:\/\/mwm.us.edu.pl\/wp-content\/uploads\/2023\/12\/Dostepna-Szkola.pdf\">Dost\u0119pna Szko\u0142a<\/a><a href=\"https:\/\/mwm.us.edu.pl\/wp-content\/uploads\/2023\/12\/Dostepna-Szkola.pdf\" class=\"wp-block-file__button wp-element-button\" download aria-describedby=\"wp-block-file--media-ad1dfb50-91dd-4d49-a5da-8090fe9b2155\">Pobierz<\/a><\/div>\n\n\n\n<div data-wp-interactive=\"core\/file\" class=\"wp-block-file\"><object data-wp-bind--hidden=\"!state.hasPdfPreview\" hidden class=\"wp-block-file__embed\" data=\"https:\/\/mwm.us.edu.pl\/wp-content\/uploads\/2023\/12\/Edukacja-wlaczajaca-Chrzanowska-Szumski.pdf\" type=\"application\/pdf\" style=\"width:100%;height:600px\" aria-label=\"Osadzone z Edukacja w\u0142\u0105czaj\u0105ca w przedszkolu i w szkole.\"><\/object><a id=\"wp-block-file--media-6bdf3c3a-4b84-4546-95d3-98835aa2cb2a\" href=\"https:\/\/mwm.us.edu.pl\/wp-content\/uploads\/2023\/12\/Edukacja-wlaczajaca-Chrzanowska-Szumski.pdf\">Edukacja w\u0142\u0105czaj\u0105ca w przedszkolu i w szkole<\/a><a href=\"https:\/\/mwm.us.edu.pl\/wp-content\/uploads\/2023\/12\/Edukacja-wlaczajaca-Chrzanowska-Szumski.pdf\" class=\"wp-block-file__button wp-element-button\" download aria-describedby=\"wp-block-file--media-6bdf3c3a-4b84-4546-95d3-98835aa2cb2a\">Pobierz<\/a><\/div>\n\n\n\n<div data-wp-interactive=\"core\/file\" class=\"wp-block-file\"><object data-wp-bind--hidden=\"!state.hasPdfPreview\" hidden class=\"wp-block-file__embed\" data=\"https:\/\/mwm.us.edu.pl\/wp-content\/uploads\/2023\/12\/Gluchoniewidomi.pdf\" type=\"application\/pdf\" style=\"width:100%;height:600px\" aria-label=\"Osadzone z \u015awiat os\u00f3b g\u0142uchoniewidomych. Wyzwania wsp\u00f3\u0142czesno\u015bci.\"><\/object><a id=\"wp-block-file--media-e206bb39-78be-439b-bfdf-58f106ab3a40\" href=\"https:\/\/mwm.us.edu.pl\/wp-content\/uploads\/2023\/12\/Gluchoniewidomi.pdf\">\u015awiat os\u00f3b g\u0142uchoniewidomych. Wyzwania wsp\u00f3\u0142czesno\u015bci<\/a><a href=\"https:\/\/mwm.us.edu.pl\/wp-content\/uploads\/2023\/12\/Gluchoniewidomi.pdf\" class=\"wp-block-file__button wp-element-button\" download aria-describedby=\"wp-block-file--media-e206bb39-78be-439b-bfdf-58f106ab3a40\">Pobierz<\/a><\/div>\n\n\n\n<div data-wp-interactive=\"core\/file\" class=\"wp-block-file\"><object data-wp-bind--hidden=\"!state.hasPdfPreview\" hidden class=\"wp-block-file__embed\" data=\"https:\/\/mwm.us.edu.pl\/wp-content\/uploads\/2023\/12\/INclusion-Index-pol.pdf\" type=\"application\/pdf\" style=\"width:100%;height:600px\" aria-label=\"Osadzone z Przewodnik po edukacji w\u0142\u0105czaj\u0105cej rozw\u00f3j kszta\u0142cenia i uczestnictwa w \u017cyciu szko\u0142y.\"><\/object><a id=\"wp-block-file--media-2f350225-4659-4321-b27c-2035902eb83a\" href=\"https:\/\/mwm.us.edu.pl\/wp-content\/uploads\/2023\/12\/INclusion-Index-pol.pdf\">Przewodnik po edukacji w\u0142\u0105czaj\u0105cej rozw\u00f3j kszta\u0142cenia i uczestnictwa w \u017cyciu szko\u0142y<\/a><a href=\"https:\/\/mwm.us.edu.pl\/wp-content\/uploads\/2023\/12\/INclusion-Index-pol.pdf\" class=\"wp-block-file__button wp-element-button\" download aria-describedby=\"wp-block-file--media-2f350225-4659-4321-b27c-2035902eb83a\">Pobierz<\/a><\/div>\n\n\n\n<div data-wp-interactive=\"core\/file\" class=\"wp-block-file\"><object data-wp-bind--hidden=\"!state.hasPdfPreview\" hidden class=\"wp-block-file__embed\" data=\"https:\/\/mwm.us.edu.pl\/wp-content\/uploads\/2023\/12\/Indywidualny-Plan-Edukacyjny-1.pdf\" type=\"application\/pdf\" style=\"width:100%;height:600px\" aria-label=\"Osadzone z Indywidualny Plan Edukacyjny.\"><\/object><a id=\"wp-block-file--media-f89d2e8f-dd20-47c9-b4f9-975013e19e26\" href=\"https:\/\/mwm.us.edu.pl\/wp-content\/uploads\/2023\/12\/Indywidualny-Plan-Edukacyjny-1.pdf\">Indywidualny Plan Edukacyjny<\/a><a href=\"https:\/\/mwm.us.edu.pl\/wp-content\/uploads\/2023\/12\/Indywidualny-Plan-Edukacyjny-1.pdf\" class=\"wp-block-file__button wp-element-button\" download aria-describedby=\"wp-block-file--media-f89d2e8f-dd20-47c9-b4f9-975013e19e26\">Pobierz<\/a><\/div>\n\n\n\n<div data-wp-interactive=\"core\/file\" class=\"wp-block-file\"><object data-wp-bind--hidden=\"!state.hasPdfPreview\" hidden class=\"wp-block-file__embed\" data=\"https:\/\/mwm.us.edu.pl\/wp-content\/uploads\/2023\/12\/Profile-of-Inclusive-Teachers.pdf\" type=\"application\/pdf\" style=\"width:100%;height:600px\" aria-label=\"Osadzone z Profile of Inclusive Teachers.\"><\/object><a id=\"wp-block-file--media-f88fbdb7-3497-45bd-88fa-2abf85a026e9\" href=\"https:\/\/mwm.us.edu.pl\/wp-content\/uploads\/2023\/12\/Profile-of-Inclusive-Teachers.pdf\">Profile of Inclusive Teachers<\/a><a href=\"https:\/\/mwm.us.edu.pl\/wp-content\/uploads\/2023\/12\/Profile-of-Inclusive-Teachers.pdf\" class=\"wp-block-file__button wp-element-button\" download aria-describedby=\"wp-block-file--media-f88fbdb7-3497-45bd-88fa-2abf85a026e9\">Pobierz<\/a><\/div>\n\n\n\n<div data-wp-interactive=\"core\/file\" class=\"wp-block-file\"><object data-wp-bind--hidden=\"!state.hasPdfPreview\" hidden class=\"wp-block-file__embed\" data=\"https:\/\/mwm.us.edu.pl\/wp-content\/uploads\/2023\/12\/SPE-Domaga_a-Zysk.pdf\" type=\"application\/pdf\" style=\"width:100%;height:600px\" aria-label=\"Osadzone z Ucze\u0144 ze specjalnymi potrzebami edukacyjnymi w \u015brodowisku r\u00f3wie\u015bniczym.\"><\/object><a id=\"wp-block-file--media-7333d882-133b-40fe-9dc0-819c2ded41a8\" href=\"https:\/\/mwm.us.edu.pl\/wp-content\/uploads\/2023\/12\/SPE-Domaga_a-Zysk.pdf\">Ucze\u0144 ze specjalnymi potrzebami edukacyjnymi w \u015brodowisku r\u00f3wie\u015bniczym<\/a><a href=\"https:\/\/mwm.us.edu.pl\/wp-content\/uploads\/2023\/12\/SPE-Domaga_a-Zysk.pdf\" class=\"wp-block-file__button wp-element-button\" download aria-describedby=\"wp-block-file--media-7333d882-133b-40fe-9dc0-819c2ded41a8\">Pobierz<\/a><\/div>\n","protected":false},"excerpt":{"rendered":"","protected":false},"author":1,"featured_media":0,"parent":0,"menu_order":0,"comment_status":"closed","ping_status":"closed","template":"","meta":{"footnotes":""},"class_list":["post-1147","page","type-page","status-publish","hentry"],"_links":{"self":[{"href":"https:\/\/mwm.us.edu.pl\/index.php\/wp-json\/wp\/v2\/pages\/1147","targetHints":{"allow":["GET"]}}],"collection":[{"href":"https:\/\/mwm.us.edu.pl\/index.php\/wp-json\/wp\/v2\/pages"}],"about":[{"href":"https:\/\/mwm.us.edu.pl\/index.php\/wp-json\/wp\/v2\/types\/page"}],"author":[{"embeddable":true,"href":"https:\/\/mwm.us.edu.pl\/index.php\/wp-json\/wp\/v2\/users\/1"}],"replies":[{"embeddable":true,"href":"https:\/\/mwm.us.edu.pl\/index.php\/wp-json\/wp\/v2\/comments?post=1147"}],"version-history":[{"count":20,"href":"https:\/\/mwm.us.edu.pl\/index.php\/wp-json\/wp\/v2\/pages\/1147\/revisions"}],"predecessor-version":[{"id":2013,"href":"https:\/\/mwm.us.edu.pl\/index.php\/wp-json\/wp\/v2\/pages\/1147\/revisions\/2013"}],"wp:attachment":[{"href":"https:\/\/mwm.us.edu.pl\/index.php\/wp-json\/wp\/v2\/media?parent=1147"}],"curies":[{"name":"wp","href":"https:\/\/api.w.org\/{rel}","templated":true}]}}